is the greatest common factor of t and 84?
28
Let c be -350*(-15)/10 + (1 - 20/(-10)). Calculate the highest common factor of 1364 and c.
44
Suppose 14*w - 136 = 11*w - 4*a, 2*a + 4 = 0. What is the greatest common divisor of w and 1512?
24
Let y(r) = -r**2 - 77*r - 17. Let d be y(-18). What is the greatest common divisor of d and 66?
11
Suppose -2*u - 2*r = -0*u - 52, 0 = u - r - 28. Let j be 9/u + 447/9. What is the highest common factor of 25 and j?
25
Let s(w) = -w**3 - 15*w**2 - 5*w - 31. Let a be s(-15). Let g = -276 + 584. Calculate the greatest common factor of a and g.
44
Let i = 113 - 106. Suppose -6*t + i*t - 22 = 0. Calculate the greatest common divisor of t and 11.
11
Suppose 6*q = -83*v + 84*v + 1837, 309 = q - 3*v. Calculate the greatest common factor of q and 13056.
102
Let w(u) = 14*u + 73. Let k be w(-5). Suppose -k*a + a + 14 = 0. Let p be (2 - 2) + 58 + -2. Calculate the highest common divisor of a and p.
7
Let o(k) = -3*k - 223. Let h be o(0). Let j = h + 338. What is the greatest common divisor of 46 and j?
23
Let c = -2710 - -3337. Calculate the greatest common divisor of 133 and c.
19
Suppose t - 658 = 2*d, 2*t - 3*d + 155 - 1476 = 0. Calculate the highest common divisor of t and 4175.
167
Suppose -113*u - 523 = -146*u + 3635. What is the greatest common factor of 420 and u?
42
Let x be (-765)/90*4/2. Let s be 5102/12 + 0 - x/(-102). Calculate the greatest common divisor of s and 25.
25
Let c be 0*(4/(-12))/(-1). Suppose 3*p - 71 - 208 = c. Calculate the highest common factor of p and 3.
3
Let d = 141 + -137. Suppose -173 = d*a - 485. Calculate the highest common factor of a and 195.
39
Suppose -76*o + 225915 = -98118 - 403211. What is the highest common divisor of o and 7?
7
Let a = 80 - 136. Let i = a - -92. Let d = i + -31. What is the highest common factor of 15 and d?
5
Suppose -5*j = 4*c - 37, -2*c + 20 = 3*j + j. Let a(i) = -100*i + 71. Let w be a(-2). Let k = 335 - w. What is the highest common factor of k and c?
8
Let k be 11/((-209)/(-7752))*(-54)/(-8). Calculate the highest common divisor of k and 432.
54
Let z(o) = -268*o + 29. Let t be z(-1). Calculate the greatest common divisor of t and 270.
27
Let q = 240 - 72. Calculate the highest common divisor of 48 and q.
24
Let x(h) = -11*h - 1241. Let m be x(-130). Calculate the highest common factor of m and 2415.
21
Suppose -44*i = 28*i + 31*i - 73645. What is the greatest common divisor of i and 5?
5
Let p(r) = 25*r**3 - 2*r + 2. Suppose 3*a + 4*a = 35. Suppose a*c - h = 4, c = 3*c - 3*h + 1. Let g be p(c). Calculate the highest common factor of g and 5.
5
Suppose 0 = -101*i + 126*i - 975. What is the highest common factor of i and 2197?
13
Let k(l) = -3*l**2 - 80*l - 88. Let j be k(-13). What is the greatest common divisor of j and 40?
5
Suppose -10 = -3*d + 20. Suppose -3*g = -2*t + 350, t + 15*g = 16*g + 173. Let q = t + -159. What is the highest common factor of q and d?
10
Let r(j) = -11*j + 4. Let f be r(0). Suppose -f*u + z = -1976, -2*u + 4*z - 8*z + 988 = 0. Calculate the greatest common divisor of 19 and u.
19
Suppose 34 = 4*x - 2. Let l be (-163)/x - 4/(-36). Let s = l + 32. Calculate the greatest common divisor of 42 and s.
14
Let c = -6537 - -6544. Suppose 4*z = -y - 6, 0*y - 2*y + 24 = -4*z. Let s = y + -4. What is the highest common divisor of s and c?
1
Let g(h) = -6*h**2 - 118*h + 24. Let a be g(-11). What is the highest common divisor of 2831 and a?
149
Let d = 8 - 1. Suppose -n - 5 + d = 0. Let k(v) = 4*v - 102. Let o be k(30). Calculate the greatest common divisor of o and n.
2
Let t(p) = p**3 + 25*p**2 + 19*p + 52. Let u be t(-16). Suppose 0 = 5*g - 24*g + u. What is the greatest common divisor of g and 135?
27
Suppose 0 = 64*k - 3470 - 754. Calculate the highest common factor of k and 1254.
66
Suppose 10*v - 696 = 6*v. Let w(l) = 236*l**2 + l - 3. Let a be w(-1). What is the greatest common factor of a and v?
58
Let q = -14 + 43. Suppose 0 = q*h - 9*h - 6720. Calculate the highest common divisor of h and 42.
42
Let u be 111 + 9/(-9) + 9 - 8/2. Calculate the highest common divisor of u and 184.
23
Let y be (-656)/(-41) - (-6 + 13). Suppose -2*g - 2 = 0, 4*s = -7*g + 3*g + 128. Calculate the greatest common divisor of y and s.
3
Let w be 7/21 + (-34)/(-6). Suppose -27*h = -24*h + w. Let m be 5 - (7 + -2 + h). Calculate the highest common divisor of m and 22.
2
Let x(n) = n - 4. Let c be x(9). Suppose c*s = -g + 155, 2*s - 30 - 32 = g. Suppose 0 = -p + 3 + s. What is the highest common divisor of 34 and p?
34
Suppose 6*p = 218 + 160. Suppose 103*i = 107*i - 36. What is the greatest common divisor of p and i?
9
Suppose -137 - 216 = 3*g - 1865. What is the greatest common divisor of g and 392?
56
Suppose 142*b - 12*b = 613210. Calculate the greatest common factor of b and 53.
53
Let v(z) = z**3 - 4*z**2 + 10*z + 352. Let t be v(0). What is the highest common factor of t and 198?
22
Let r(b) be the second derivative of 5*b**4/6 - 7*b**3/6 - 3*b**2 - 15*b + 1. Let q be r(-3). Calculate the highest common divisor of q and 15.
15
Let s(x) be the first derivative of -x**3/3 - 27*x**2/2 - 23*x + 42. Let g be s(-13). What is the highest common factor of 53 and g?
53
Suppose 452 + 8 = -5*z. Let y be (-4)/22 - z/22. Suppose -c = -4*k + 141, 0 = 5*k - 0*k - 4*c - 168. Calculate the greatest common divisor of y and k.
4
Suppose -2*k = -0 + 2, -3*b + 155 = -5*k. Let y(j) = 6*j + 6*j**2 - 3*j - b*j**3 + 51*j**3. Let r be y(-4). Calculate the greatest common factor of 20 and r.
20
Suppose 427 = 27*f - 326 + 24. Suppose 0 = -p - p + 2*j + 280, 2*p - 285 = 3*j. Calculate the greatest common divisor of f and p.
27
Let l(p) = -451*p - 2056. Let b be l(-8). What is the greatest common divisor of 97 and b?
97
Let r be 6/(-72) + 6321/1548. Let t(d) = d + 10. Let y be t(-6). Suppose -y*p - a = -11 - 121, 5*p - 172 = -3*a. What is the greatest common factor of p and r?
4
Let s = -395 + 258. Let k = 147 + s. What is the highest common factor of 7 and k?
1
Let z(d) = -21*d - 216. Let q(b) = -24*b + 176. Let t be q(8). Let s be z(t). What is the greatest common factor of 24 and s?
24
Let u be (-1)/(-6) - (-2098)/12. Suppose 5*a = 4*r - u, -5*r + 341 = -a + 138. What is the highest common factor of 24 and r?
8
Suppose 18 = 4*k - 5*a, -10 - 2 = -4*k + 2*a. Suppose k*m - 5*t = 8, -33 = -4*m - 5*t + 13. What is the highest common factor of 225 and m?
9
Let c = -19721 + 20112. What is the greatest common factor of 207 and c?
23
Let m(z) = 7*z - 9. Let s = -3 + 9. Let i be m(s). Let k(c) = 26*c**2 - 622*c - 37. Let f be k(24). What is the highest common factor of f and i?
11
Suppose 20*b - 138 = 16*b - 2*p, -7*p + 7 = 0. Calculate the highest common factor of 58 and b.
2
Suppose -9*q - 69 + 555 = 0. Suppose -b = -5*f + q, -3*f + 108 = -2*b - 0*b. Let w = b - -108. Calculate the greatest common divisor of w and 135.
27
Let w be ((2 + -3)/1)/(84 - 85). Let q be 357 - (w - (3 - 4)). Calculate the highest common factor of q and 10.
5
Let z be 60/42*(16 + -2). Let x = -1250 + 1350. What is the greatest common factor of x and z?
20
Let m(h) = -5 + 60*h - 131 - 54*h. Let b be m(23). Let z be 22/5*(-15)/(-3). What is the highest common factor of z and b?
2
Let u = 16302 + -16224. What is the greatest common divisor of 1742 and u?
26
Suppose -6*h + 9 + 15 = 0. Suppose 0 = 6*j - h*j - 108. What is the greatest common factor of j and 432?
54
Let f = -13 - -16. Suppose 42 = u - 5*o, -266 = -5*u + f*o - 6*o. Suppose c = p + 22, -2*c + 3*p = 4*p - 56. What is the greatest common factor of u and c?
26
Let d = -64 - -106. Suppose 37*f - 1454 + 344 = 0. Let l = d - f. Calculate the greatest common factor of l and 6.
6
Let h be 6*(-2)/(-1)*(-9)/(-6). Suppose 23*v = h*v + 745. Suppose 14*m - v = 271. Calculate the highest common factor of m and 45.
15
Let q be (740/(-30)*4)/(4/(-30)). What is the highest common factor of q and 26270?
370
Let n = 23046 - 22969. Let w = 5 - -2. Calculate the highest common factor of n and w.
7
Suppose 5*y + 2*s - 51 = 0, 5*y = 2*y + 3*s + 39. Let k be ((-1)/1 + 3)*y. Suppose -522*t = -371*t - 8305. Calculate the greatest common factor of k and t.
11
Suppose 0 = -3*i - 4*p + 113, -99 = 4*i - 8*i + 5*p. Let h = -29 + i. Let n(f) = 36*f - 4. Let c be n(h). Calc